 - 70. What is the greatest common factor of l and c?
8
Suppose 6*w - 79 = 53. What is the greatest common factor of w and 66?
22
Let o(a) = a**2 - 18. Let v be o(-12). What is the greatest common divisor of v and 14?
14
Let b = 35 - 24. Let x = b - 6. Suppose -i + 60 = 3*v - 2*i, 0 = -4*v - 3*i + 80. Calculate the highest common factor of v and x.
5
Suppose 2*i - 16 - 11 = 5*l, 4*l = -i + 7. Calculate the highest common factor of 33 and i.
11
Suppose 5*j + 5 - 50 = 0. Calculate the greatest common factor of j and 72.
9
Let z = -4 - 1. Let l(y) = y**3 + 5*y**2 - y - 7. Let i be l(-5). Let x = i - z. Calculate the greatest common divisor of x and 9.
3
Let i = -113 - -158. What is the greatest common divisor of 30 and i?
15
Let y = 163 - 68. What is the highest common divisor of y and 38?
19
Let v be 2/(-6) + (-84)/(-9). Let q = -6 + v. Suppose -q*k - 5 = -80. What is the highest common divisor of k and 5?
5
Let q(m) = 2*m**2 + 5*m + 5. Let g be q(-3). What is the greatest common factor of g and 56?
8
Let i be (-106)/(-3) - 18/(-27). Let y = 7 - -2. Calculate the greatest common factor of i and y.
9
Let i(w) = -2*w - 2. Let c(s) = -4*s**2 - 1. Let n be c(1). Let m be i(n). Let u = m - 6. Calculate the highest common factor of 14 and u.
2
Let r(o) be the third derivative of 2*o**4/3 + o**3/3 + 2*o**2. Let a be r(1). What is the highest common factor of 36 and a?
18
Suppose 0 = 2*t - 2*w - 22, 41 = -4*t - w + 100. Suppose 169 = 4*v - 2*d + 3*d, -2*v - 4*d = -88. Calculate the highest common factor of t and v.
14
Let v be 5/(-2 + 7) - -19. What is the highest common factor of v and 20?
20
Let r(t) = t**3 - 3*t + 1. Let g be r(2). Let i = -1 + g. What is the highest common divisor of 8 and i?
2
Let f be (-4 - -5)/((-2)/(-6)). Suppose 6*t - t = 4*v + 215, -t - f*v + 24 = 0. Calculate the highest common divisor of 26 and t.
13
Let g(s) = 15*s + 6 - 4*s**2 - 1 - 4*s + 3*s**2. Let o be g(6). What is the highest common divisor of 5 and o?
5
Let c(l) = -8*l + 16. Let m be c(-7). What is the highest common divisor of 8 and m?
8
Let d(f) = -206*f**3 + f**2. Let w be d(-1). Let q(s) = 3*s - 10. Let o be q(11). Calculate the highest common factor of w and o.
23
Let s be 18/(3 + -1) + 0. Let r(f) = -f**3 + 9*f**2 - 1. Let n be r(s). Let i be (-7 + 2)/(n - 0). What is the greatest common factor of i and 2?
1
Suppose 3 - 4 = -n. Let y(p) = p**2 - 12*p + 6. Let a be y(10). Let h be a*(n + (-39)/6). What is the highest common divisor of 7 and h?
7
Let s(z) be the first derivative of -10*z - 3/2*z**2 - 1. Let x be s(-8). Calculate the greatest common factor of x and 56.
14
Let i be -2 + (-2 - (-147)/3). Calculate the greatest common divisor of 15 and i.
15
Let l be (1 - (-2 - -2))*-119. Let h = l + 184. What is the highest common factor of 26 and h?
13
Let x(k) = -9*k. Let q be x(-5). Let w be 2*((-10)/6)/(24/(-36)). Calculate the highest common factor of w and q.
5
Suppose 3*c = -12, -c + 21 = o - 5*c. Let x be (-4)/(-12) - (-13)/(-3). Let h = x - -9. Calculate the highest common divisor of h and o.
5
Suppose 5*t - 3*m - 84 = -9, 3*t - 16 = -4*m. Suppose -48 = -4*p - 0*p. What is the highest common divisor of p and t?
12
Let f(x) = x**3 - x**2 - 3*x + 1. Let p be f(3). Suppose -3*h - 10 = -h, 3*h - 25 = -4*s. What is the greatest common factor of p and s?
10
Let d be ((-9)/6)/((-3)/4). Let q(p) = 8*p - p**d + 0*p - 4 + 0. Let j be q(6). What is the highest common divisor of j and 2?
2
Suppose 1 - 71 = -14*d. What is the highest common factor of d and 5?
5
Let s(l) = 4 + 2*l + l**3 - 7*l**2 - 3 - 4. Let b be s(7). Let v be (220/(-25))/(3/(-15)). Calculate the highest common factor of b and v.
11
Let u be ((-4)/6)/(2/(-42)). Suppose 0 = 5*j + 99 - 379. Calculate the greatest common factor of u and j.
14
Suppose -43 = -3*q - 5*y, -2*y = -4*q - q + 20. Let d be (-98)/q - 10/15. Let r = d + 26. Calculate the greatest common factor of r and 63.
9
Let t be 12/(-8)*(-44)/3. What is the highest common factor of 11 and t?
11
Suppose 0 = -2*p + p + 4. Let h be ((-4)/p)/((-2)/(-22)). Let w = 18 + h. Calculate the highest common factor of w and 63.
7
Suppose 7*f + 5*f - 12 = 0. What is the highest common divisor of f and 2?
1
Let w = 10 + -3. Let u(o) = o**3 + 2*o**2 - 4*o + 4. Let a be u(3). Suppose -3*q = -110 - a. What is the greatest common factor of q and w?
7
Suppose 0 = -3*h + 4*a + 112, a - 2*a = 3*h - 122. Calculate the greatest common factor of h and 5.
5
Suppose 0 = 5*j - 62 - 28. Suppose 3*v - 4*p - 358 = 0, 0*p + p - 257 = -2*v. Calculate the greatest common divisor of j and v.
18
Suppose -l + 26 = 5*r, 20 = 4*l - 2*l + 2*r. Let s(k) = 4*k**2 + 2. Let i be s(-4). What is the greatest common factor of l and i?
6
Let k(h) be the first derivative of -h**3/3 + 3*h**2 + 9*h - 2. Let y be k(7). Let a be 28/12 + y/(-6). What is the highest common divisor of 2 and a?
2
Let h(r) = 2*r**2 + 10 - 7*r + 0*r - 2*r. Let y = 14 + -5. Let d be h(y). What is the greatest common factor of d and 13?
13
Let l(r) = r**2 - 5*r - 2. Let i be l(6). Suppose i*u - 10 = -u. Suppose -u = -p - 0. What is the greatest common factor of p and 2?
2
Let z = -13 - -15. Calculate the highest common divisor of 10 and z.
2
Let x = 5 + -3. Suppose 0*b - 2 = -x*b. Suppose l + 0 = 5*z - 1, 0 = 3*z - 5*l + 17. Calculate the greatest common divisor of z and b.
1
Let b(q) = 8 + q + 5*q - 13 + 2*q**2. Let v be b(5). Calculate the highest common divisor of 50 and v.
25
Suppose q - 6*q - 5 = 0. Let i be q/((-19)/9 + 2). Calculate the greatest common divisor of 6 and i.
3
Let r = -60 + 90. Suppose 0 = 5*s - 2*s - 6. Suppose s*k + 1 - 25 = 0. Calculate the highest common divisor of r and k.
6
Let t(f) = f**2 - 7*f + 8. Suppose -5*a + 33 = 2*h, 0*a + 5*a - 36 = h. Let i be t(a). What is the highest common factor of 8 and i?
8
Let z be 16/24 + (-82)/(-3). What is the greatest common factor of z and 7?
7
Let t(c) = 2*c**2 - 10*c + 8. Let u be t(6). Suppose u = 3*g + 11. What is the highest common divisor of g and 3?
3
Let z be (-3)/(15/(-11)) + 27/(-135). Calculate the greatest common divisor of 32 and z.
2
Let c be 6/33 + 126/33. Suppose -h + 8 = -2*k, -4*h - k + 18 = c. Calculate the greatest common factor of 12 and h.
4
Suppose -27 = -4*z + z. Calculate the highest common divisor of 9 and z.
9
Suppose 4*c - 3*c + 13 = 5*j, 5*j = 15. Suppose -c*b - 19 = z + 3*b, -4*b = 4*z + 76. Let d = -4 - z. What is the greatest common divisor of d and 165?
15
Suppose 5*j - 2*j - 39 = 0. What is the greatest common divisor of j and 91?
13
Let c be (-11)/(-4) - 1/(-4). Suppose 0 = -j - c*j. Let p(t) = -t**3 + t**2 - t + 9. Let d be p(j). Calculate the highest common divisor of 6 and d.
3
Suppose 0 = 3*t - 9, 0*t + 5*t - 87 = -3*n. Calculate the greatest common divisor of n and 6.
6
Let k be 745/(-10)*(-4)/1. Suppose 2*d - 2*n - k = -0*d, 4*d + 3*n = 603. What is the greatest common factor of d and 60?
30
Let z = -29 - -51. Let l = -35 + 90. Calculate the greatest common factor of l and z.
11
Let w(g) = g - 9. Let m be w(0). Let f = 16 + m. Calculate the greatest common factor of f and 28.
7
Let f(b) = -b**2 - 18*b - 22. Let t(m) = -1. Let k(v) = -f(v) - 2*t(v). Let s be k(-17). What is the greatest common factor of 63 and s?
7
Let a = -2 - -11. Let v = -11 + 92. What is the greatest common divisor of v and a?
9
Suppose 0 = -2*i + i. Suppose i = 5*g - g. Let m be (-1)/2*-2 + g. Calculate the greatest common factor of m and 5.
1
Suppose -2*j - 2 = -78. Calculate the greatest common divisor of 95 and j.
19
Let h = 15 - 18. Let r be (-2*h/(-2))/(-1). What is the greatest common factor of r and 21?
3
Let v be (-4)/(0 + 1/(-4)). What is the greatest common factor of 64 and v?
16
Suppose -243 = -0*s - 3*s. Calculate the greatest common divisor of 9 and s.
9
Suppose 384 = 4*r - 624. What is the greatest common divisor of r and 28?
28
Let v be -2 - -1 - (-33)/1. Let h(y) = 4*y**3 + 2*y**2 - 4*y + 2. Let f be h(1). What is the greatest common factor of f and v?
4
Suppose 3*n - 4*i - 33 = -i, 3*n - i = 25. Let t(u) = u**3 - 4*u**2 + u + 3. Let g be t(4). Calculate the greatest common factor of g and n.
7
Let m = 13 + -8. Suppose -2*d + 32 = -t, -7 = -2*d + m*t + 33. Let y = -7 + d. What is the highest common divisor of y and 32?
8
Le